39*z**2. What is the tens digit of y(-7)?
6
Let p = 4753 - 4523. What is the units digit of p?
0
Let o(u) be the third derivative of -u**6/120 - 11*u**5/60 + 13*u**4/24 + 3*u**3 + 3*u**2. Let n be o(-12). Suppose n*r = r + 480. What is the units digit of r?
6
Let z be (-1179)/(-2) + (-31)/(-62). Let n = 961 + z. What is the tens digit of n?
5
Let m be (-24)/4 - -10 - (1 - 3). Suppose m*p = 67 - 7. What is the units digit of p?
0
Let v(x) be the second derivative of 16*x + 5/12*x**4 - 1/20*x**5 + 0 + 1/2*x**2 + 0*x**3. What is the tens digit of v(4)?
1
Let w be 3 + 291 + (-2 - -3). Let u = -193 + w. Suppose -x + u = -58. What is the units digit of x?
0
Let f(w) = w**2 - 52*w - 2734. What is the tens digit of f(-75)?
9
What is the thousands digit of (-13879)/(-1) - 40*(-14)/112?
3
Let s(v) = 86*v - 47. Let b(c) = 87*c - 47. Let y(m) = 5*b(m) - 6*s(m). What is the units digit of y(-10)?
7
Let q(z) = 187*z**2 - 283*z + 2715. What is the tens digit of q(10)?
8
Let h(j) = j**2 + 11*j + 12. Let o be h(-10). Suppose 3*y = 2*l + 472, 232 + 544 = 5*y + o*l. What is the hundreds digit of y?
1
Suppose -3*z - 2033 = -7*n + 5*n, 5*n = 5*z + 3385. Let p = -50 - z. What is the tens digit of p?
2
Let v(f) = -8*f**3 + 38*f**2 - 22*f + 148. What is the units digit of v(-16)?
6
Let q(n) = -n + 15. Let m be q(14). Let w be ((-8)/(-2) + -4)*m. Let f(x) = -2*x**3 - 2*x + 4. What is the units digit of f(w)?
4
What is the tens digit of 12/20 + (-37146)/(-15) - 3?
7
Let l be (-594)/(-15)*(-6 - (-2 - -1)). Let n = 328 + l. What is the hundreds digit of n?
1
What is the thousands digit of -5*1/(-1) + (-1041698)/111*-3?
8
Let g = 101284 + -70357. What is the ten thousands digit of g?
3
Let w(q) = 468*q**3 - 21*q**2 - 34*q + 97. What is the tens digit of w(4)?
7
What is the ten thousands digit of (-1875)/(2821/2002 + 6/(-4))?
2
Suppose 0 = -85*r + 80*r - 4*c + 95818, 2*r - 3*c = 38341. What is the units digit of r?
6
Let g(i) = 4*i**2 - 173*i - 721. What is the units digit of g(-71)?
6
Suppose 5*a - 4*b + 7445 = 31648, 0 = -4*b + 12. What is the units digit of a?
3
Let f = 128 + -123. Let u(y) = 7*y**3 + 3*y**2 + 9*y - 34. What is the tens digit of u(f)?
6
Suppose -7*u + b + 9 = -2*u, -5*b = -4*u + 3. Suppose -216 = -5*z - w, -40 = -u*z + z + 3*w. What is the units digit of z?
3
Suppose -6*j = i - 7319, 2*j + 5*i = 924 + 1483. What is the units digit of j?
1
Suppose 212*r + 257077 - 2101053 = 0. What is the thousands digit of r?
8
Let m = -467 - -4993. What is the tens digit of m?
2
What is the thousands digit of 24004/3 - 358/(-537)?
8
Let a be (-3)/((-3)/2)*-4. Let o(g) = 12*g - 33 + 4*g - 43*g + 13*g + 4*g. What is the units digit of o(a)?
7
Suppose -1147 + 2883 = 4*n. Let v = -317 + n. What is the hundreds digit of v?
1
Let c be (-8625)/(-55) + 10/55. Let t = -2 + 5. Suppose t*v - l = l + c, -v + 71 = 4*l. What is the tens digit of v?
5
Suppose -7*d = -6759 - 6198. Suppose -2*i + d = 3*p, -4*i + p - 6*p = -3707. What is the units digit of i?
3
Suppose -197*g - 416640 = -232*g. What is the hundreds digit of g?
9
Let a be 14/10*5*(-173)/(-1). Let f = a - 400. What is the hundreds digit of f?
8
Suppose 2*g - 11680 = 28144. What is the thousands digit of g?
9
Let c(i) = -i**3 + i - 1. Let l(d) = 48*d**3 + 6*d. Let o(x) = 2*c(x) + l(x). Let a be o(3). Suppose -439 + a = 11*s. What is the units digit of s?
5
Let y = -1889 + 13679. What is the thousands digit of y?
1
Let c = 77 + -10. Let z(w) = w**3 + 8 - 63*w - 7*w - c*w**2 + 97*w**2. What is the hundreds digit of z(-32)?
2
Let i(q) = q**3 - 3*q**2 - 13*q + 27. Suppose h - 5 = -4*t - 11, 0 = -h - 2*t. What is the tens digit of i(h)?
5
Suppose -11*d + 0*d + 22 = 0. Suppose 2*k + d*m - 65 = 61, 214 = 3*k - 2*m. What is the units digit of 51/k*(27 - (-1 - 0))?
1
Let u(l) = 6*l**2 - 2*l - 6. Let d be u(5). Let a(x) = -24*x - 428. Let j be a(-18). What is the tens digit of d - (-3 + (j - 3))?
3
Let v(w) = 11*w. Suppose -3*y + 74 - 15 = r, -45 = -2*y + 5*r. Let k be y/6 - 2/6. What is the tens digit of v(k)?
3
Let d(r) be the second derivative of r**5/10 - r**4/4 + r**3 - 29*r**2/2 - 85*r. What is the hundreds digit of d(5)?
1
Suppose 2*h - 11388 = -c, 0 = 4*h + 7*c + 12631 - 35407. What is the tens digit of h?
9
Let v = -22 + 25. Let n = -7 + v. What is the tens digit of 1/(n/(-8)) + 100?
0
Let i(o) = -o**3 + 7*o**2 + 9*o. Let c = 18 - 10. Let t be i(c). Suppose t*v - 114 = 118. What is the tens digit of v?
2
Suppose -5*o - 3*b = -20654, 0 = o - 9*b + 10*b - 4132. What is the units digit of o?
9
Let r = -846 + 6378. What is the thousands digit of r?
5
Let n be 18351/6*(-7)/(-42)*-4. Let a = 2897 + n. What is the hundreds digit of a?
8
What is the tens digit of (-3603778)/(-1256)*(5 + -1)?
7
Suppose -5*y = -2*y + 20330 - 82526. What is the hundreds digit of y?
7
Let t(x) = 1463*x + 595. What is the hundreds digit of t(5)?
9
Let w(i) = -i**3 - 9*i**2 + 23*i + 798. What is the hundreds digit of w(-25)?
2
Let x be 84/10 - (-4)/(-10). Suppose -2*s - 2 = -10. Suppose x*l - 84 = -s*l. What is the units digit of l?
7
Suppose 0 - 3 = 3*p, -3*p + 69 = 2*j. Suppose -37*d = -j*d - 438. What is the tens digit of d?
3
Let y(c) = 974*c - 190. What is the tens digit of y(2)?
5
Let g(y) be the first derivative of -y**4/4 + 2*y**3 - 7*y**2/2 + 4*y + 9. Let r be g(5). Let i(m) = 3*m**2 + 7*m + 10. What is the units digit of i(r)?
6
Suppose 0 = 8*z + 2920 + 2920. Let a be ((-60)/100)/(2/z). Suppose 0 = 3*i + 18 - a. What is the units digit of i?
7
Let p(b) = -2*b**2 - 13*b - 4. Let t be p(-5). Let q = 15 - t. Suppose h + q*r - 16 = 0, -3*h - 2*r - 3*r + 83 = 0. What is the tens digit of h?
3
Let x(n) = n**3 + 5*n**2 + 2*n + 11. Let s be ((-27)/(-6) - 3)*(-20)/6. Let m be x(s). What is the tens digit of -3 - m - (-148)/2?
7
Suppose 230078 = 61*k - 954054. What is the hundreds digit of k?
4
Suppose -16603 = -12*w + 31973. Suppose -5*z - w = -1543. What is the units digit of ((-3)/((-9)/z))/(-1)?
7
Suppose -2*v - 3*v + 40 = 0. Suppose 2*k - 2*q = v, -3*k - 5*q = -2*q. Suppose 0 = 3*y + k*y - 20, -5*g + 461 = 4*y. What is the tens digit of g?
8
Let i = 43024 - 24374. What is the ten thousands digit of i?
1
Suppose -942488 = -13*o - 34256. What is the units digit of o?
4
Suppose 0 = 138*m - 132*m. Suppose -120 = -r + 2*q, 3*r + q + m*q = 360. What is the tens digit of r?
2
Suppose -4*q + b = -710, -q = 5*b - 142 - 25. Suppose -3*j - 57 = -q. Suppose j + 34 = 2*o. What is the tens digit of o?
3
Let i(z) = -133*z + 9334. What is the tens digit of i(-98)?
6
Suppose -4*g + 26499 - 5782 = 3*k, 5*g = 25. What is the thousands digit of k?
6
Let v = -105 - 15. Let g = 324 - v. What is the hundreds digit of g?
4
Let u be 6/9 + (-6418)/(-3). Suppose -u = -4*o - 540. Suppose -5*w + o = 5*s, 4*w - 133 + 380 = 3*s. What is the tens digit of s?
8
Let h = -1106 - -4918. What is the hundreds digit of h?
8
Suppose -5*t + 6567 - 19976 = 4*k, 3*k - 13437 = 5*t. Let q = -1384 - t. What is the hundreds digit of q?
3
What is the hundreds digit of (-3)/(6/(-50128)) - (31 - (17 - -7))?
0
Suppose 0*p = 2*p + 8, 0 = 5*b - 4*p - 11. What is the hundreds digit of 843/(3/b*(7 + -8))?
2
Let s = 15691 - 7550. What is the thousands digit of s?
8
Suppose -3498 = -z + 18*k + 10600, -2*z - k + 28381 = 0. What is the hundreds digit of z?
1
Suppose -4*f + 5*n = -6547, -4*f - 2*n = -97 - 6457. Suppose -7*y + 12*y + 2*x - f = 0, -y + 334 = 2*x. What is the tens digit of y?
2
Let y = -2982 - -2123. Let o = 1467 + y. What is the units digit of o?
8
Suppose -487565 = -19*w - 13496. What is the units digit of w?
1
Let b(q) = 3*q**2 - 8*q - 5. Let x be b(4). Suppose 3*y + x*y = -406. Let k = y + 39. What is the units digit of k?
0
Let b = -152 - -86. Let q be b/(-15) - 3/(-5). Suppose 2*x = 5*h + 155, -q*x - h = -4*h - 416. What is the units digit of x?
5
Let z be ((-20)/10)/((-2)/(-21)). Let b = 27 + z. Suppose 12*i - 486 = b*i. What is the tens digit of i?
8
What is the ten thousands digit of (-15 + 66660/(-45))*-9?
1
Suppose 12*w = 13023 - 11776 + 19417. What is the thousands digit of w?
1
Let q = 9050 + -2008. What is the hundreds digit of q?
0
Let i(m) = 73*m**2 - 6*m - 2. Let q(t) = -3*t - 1 + 2*t + 0*t - 4*t + 72*t**2. Let k(h) = -3*i(h) + 4*q(h). What is the tens digit of k(1)?
6
Sup